 be u(10). Let l be -57 - (0 + -1) - v/8. Let w = l - -146. What is the tens digit of w?
8
Suppose 0 = 5*v - 374 + 79. Let g = 305 - v. What is the hundreds digit of g?
2
Suppose -z = -l - 8264, -2*z - 18*l = -19*l - 16523. What is the units digit of z?
9
Suppose -16 = -4*f, 3*o - 3*f - f = 5. Suppose 84 = -o*u + 7. Let p = u + 27. What is the tens digit of p?
1
Let j = 2 + -445. Let h = -767 - j. What is the units digit of (-4 - -5)/((-3)/h)?
8
Let g be 18*-16*3/(-18)*1. Let u = -52 + g. What is the hundreds digit of (u/(-3))/(-1 + 538/534)?
1
Let j be ((-4044)/14)/((-7 + 17)/(-70)). Let y = 3071 - j. What is the thousands digit of y?
1
Suppose -84 = -4*a - 72. Let o be 2/(a + (-55)/15). What is the tens digit of o/(18/(-16))*(-255)/(-20)?
3
Suppose 9*g + 41*g - 150 = 0. Suppose -c - g*x - 214 = -2*c, 4*c - 3*x = 892. What is the hundreds digit of c?
2
Suppose 4*o = -4*j + 108, 3*o = 4*o. Let q = j - 20. Suppose -q*z = -8*z + 23. What is the tens digit of z?
2
Let y = -631 + 314. Suppose -26*n + 24*n = -4, -n = -5*h + 3. What is the tens digit of -1*(h - (y + 1))*-1?
1
Let l(x) = 9*x - 7. Let a be l(1). Suppose -a*j - 4 = -8. Suppose -2*s = 8, -4*o - j*s + 21 = -43. What is the units digit of o?
8
Let m be (6/1 + -127)/((-2)/202). Suppose m + 2746 = 9*p. What is the units digit of p?
3
Suppose 5*i - 5*w = 20, w = -0*i - 3*i. What is the units digit of 9/2*1640/(5/i)?
6
Let n(p) = p**3 - 29*p**2 + 31*p + 9. Let r(d) = -d**2 + 15*d - 16. Let t be r(4). What is the units digit of n(t)?
3
Let c(s) = 18*s + 212. Let i be c(-14). Let h = -18 - i. What is the tens digit of h?
2
Let a(n) = 5*n - 21. Let w(s) = 10*s - 43. Let j(t) = 5*a(t) - 2*w(t). Let m be j(20). Let z = m + -54. What is the units digit of z?
7
Let i(o) = o**3 - 5*o**2 - 5*o - 11. Let t be i(6). What is the hundreds digit of 0 + (t - 4221/(-7))?
5
Suppose 4*j - 5*q - 7456 = 9432, 2*j - 8444 = q. What is the units digit of j?
2
Suppose -23*a + 25*a - 124 = 0. Suppose -12*g + 5*g = 364. Let v = a + g. What is the units digit of v?
0
Let w be 1 - 9/12 - (-28)/16. Suppose w*z - g + 7 = -11, 23 = -z - 3*g. Let x = z - -72. What is the units digit of x?
1
Let b(w) = -15*w + 4. Suppose -42 = -5*i - 2*k, -4*i + 5*k = -2*i - 40. Let p(m) = m + 1. Let y(c) = i*p(c) - 2*b(c). What is the units digit of y(2)?
2
Suppose 3*n + 5*r = 28, 4 + 2 = -4*n + 2*r. What is the hundreds digit of (-408)/(-1 - n)*697/164?
8
Let g(f) = 9*f**3 + 7*f**2 - 7*f + 1. Let z be g(5). Let t be z/(-15) - 2/(-5). What is the tens digit of (1 - (-104)/6)/((-14)/t)?
1
Let c be (1 - 4)*2/(-6). Let k be (-18)/2*c/(-3). Suppose m = 5*y + 154 + 27, 0 = 4*m + k*y - 632. What is the tens digit of m?
6
Suppose 0 = 223*s - 215*s - 22088. Let q = s + -1379. What is the tens digit of q?
8
Suppose -18351*o + 18366*o - 3420 = 0. Suppose 0 + 31 = 3*n - v, 2*n + v - 19 = 0. Suppose 0 = 14*a - n*a - o. What is the units digit of a?
7
Let c(f) = 6*f**2 + 67*f + 369. What is the thousands digit of c(-49)?
1
Let n = -17184 + 38416. Suppose -6976 - n = -16*v. What is the units digit of v?
3
Suppose 270*g - 275*g = -20. Suppose z = -5*t + 182, -t = -g*z + 896 - 189. What is the hundreds digit of z?
1
What is the units digit of (16 - 13)*(3306/9 + 0)?
2
What is the hundreds digit of ((-48240)/105)/(2/(-245))?
2
Let x = 1806 - -1187. What is the hundreds digit of x?
9
Let y = -14 + 19. Suppose -3*h = i - 4, 4*h - 4 = -5*i + 16. Suppose x + x = y*a - 295, i*a = 5*x + 236. What is the tens digit of a?
5
Let u(s) = -72*s + 8. Let k be u(-5). Suppose -2*f + 2*b + 3*b + k = 0, 0 = b. Suppose -8*z + 128 = -f. What is the tens digit of z?
3
Let f = -168 + 274. Let z = 164 - f. What is the units digit of z?
8
Suppose -1335010 - 4378052 + 1553670 = -148*h. What is the hundreds digit of h?
1
Suppose 4*u + 5*f - 1635 = 0, -5*u - 35*f = -32*f - 2047. What is the hundreds digit of u?
4
Let r(i) = -95*i + 8. Suppose -6*g - 28 = -4. What is the hundreds digit of r(g)?
3
Let r = 2015 + -654. Suppose r = 2*t - 3*i, 3*t - 4*i - 1747 = 295. What is the hundreds digit of t?
6
Suppose -5*y = p - 7*y - 84, y + 227 = 3*p. Suppose 3*v + 4*k = p, -9*v + 6*v + 5*k = -56. What is the units digit of v?
2
Let t(u) = -2*u + 12. Let a = 54 + -48. Let n be t(a). What is the units digit of (n - -13)*(3 - 1)?
6
What is the hundreds digit of (0 + (-2400 - -2))/((-13)/(67 + -28))?
1
Suppose 17*b - 100 = 3623. Suppose -223*q = -b*q - 4844. What is the tens digit of q?
1
Let y be (117576/96)/(3/8). Let k = y + -2252. What is the hundreds digit of k?
0
Let c = -4909 - -57664. Suppose 8445 = 36*m - c. What is the units digit of m?
0
Let p(o) = -13946*o - 15483. What is the hundreds digit of p(-6)?
1
Suppose -4*x = -2*x + 1067 - 5759. What is the units digit of x?
6
What is the units digit of 5 + (6 - 5) + 24501?
7
Suppose 0 = -2*q + v + 13, 13*v = 9*v - 4. Suppose q*n - 210 = 210. What is the units digit of n?
0
Let p be (-8)/((4/(-654))/(-1)). Suppose 3*x - j + 15 = 6, -3*x - 12 = -2*j. What is the units digit of 1*3/x*p/9?
8
Let k(w) = w. Let s be k(5). Suppose -20 = s*v, -2*v + 7*v = 5*h + 60. What is the tens digit of ((-675)/(-20))/(3 + 44/h)?
3
What is the hundreds digit of ((-1481346)/408)/((-6)/8)?
8
Let v = -70520 - -142008. What is the thousands digit of v?
1
What is the hundreds digit of 3/(-12) - 2*46737/(-72)?
2
Let k(a) = -221*a**3 + 2*a**2 + 2*a + 1. Let j be k(-1). Suppose -3*l + 4*z - 462 = 0, 0 = -4*l - 2*z - 2*z - 588. Let m = l + j. What is the units digit of m?
2
Let t = 145969 + -93587. What is the hundreds digit of t?
3
Suppose -5*y = -h + 19584, 7*h - 61768 = 2*y + 75188. What is the units digit of h?
4
Let x(z) be the first derivative of -385*z**2/2 - 28*z - 39. What is the hundreds digit of x(-1)?
3
Let u(b) be the first derivative of -6 + 35/2*b**2 + 7*b - 2/3*b**3. What is the units digit of u(16)?
5
Suppose 9*c - 10659 = 5550. Suppose 4*j = j + 4*g + c, -g + 5 = 0. What is the hundreds digit of j?
6
Suppose 13*x = 19*x + 600. Suppose -5*t = 15, z - t + 31 = -3. Let j = z - x. What is the tens digit of j?
6
Suppose -4*f - 2*l - 109 = -3*l, -5*f - 3*l - 149 = 0. What is the units digit of (0 - (-3152)/f)*7/(-2)?
4
Suppose 6*a = -3*q + a - 6, -q = -5*a - 18. Let p(k) = 13 + 0*k**q + 5*k**3 + 11*k - 10*k**2 - 4*k**3 - 30. What is the units digit of p(9)?
1
What is the hundreds digit of -13 - 2356*(-108)/24?
5
Let j(s) = 15*s**3 - 5*s**2 - 4*s + 2. Let v be j(4). Suppose 2*b = g + v, 8*b - 1299 = 5*b - 5*g. What is the units digit of b?
3
What is the units digit of (5 + 7805)/(-7 + 23/3)?
5
Suppose -8*n + 465 = -3*n. Suppose 98*v - 20 = n*v. Suppose -3*j - v*p = -6*j + 217, -5*p = 2*j - 114. What is the tens digit of j?
6
Suppose -40413*x - 145090 = -40424*x. What is the tens digit of x?
9
Let a(k) = 7*k - 81. Let m be a(11). What is the tens digit of 48/30*((-142)/m - 3)?
5
Suppose 34887 - 11676 = 13*t - 24005. What is the hundreds digit of t?
6
Suppose 4*i = 4*u + 4, -u = -4*i + 6*i + 7. What is the tens digit of 2*(-650)/8*i?
2
Suppose 3*i + 3*s + 1650 = 0, i = -0*s + 2*s - 541. What is the units digit of i/(-3) + (-1 - (-20)/12)?
3
Let y = 82720 - 5388. What is the tens digit of y?
3
Let s(b) = b**2 + 14*b - 104. Let y be s(-12). What is the tens digit of 1 - (67344/y - (-2)/16)?
2
Let b = -1691 + 2866. Let q = b + -536. What is the tens digit of q?
3
Let d(a) = -a**3 + 16*a**2 + 38*a - 31. Let g be d(18). What is the units digit of (-154)/5*3/((-6)/g)?
7
Suppose -1915052 = -146*j + 423357 - 24893. What is the tens digit of j?
4
What is the units digit of 31038/4 - ((-24)/180 + 246/(-180))?
1
Let c be 4/14 + 6161/707. What is the tens digit of -3250*4/(-24)*c/3?
2
Let p = -295 - -293. What is the hundreds digit of 891 - ((0 - p) + (0 - -3))?
8
Let k = -326 - -330. Suppose 6*r - 5*r - 2*h = 636, 0 = -k*r + 4*h + 2560. What is the units digit of r?
4
Let q(t) = -5*t**3 + 127*t**2 - 9*t - 10. What is the hundreds digit of q(-8)?
7
Let u be (-1672)/(-40) + 4/20. What is the units digit of 5/((-35)/u) - -842?
6
Let n = -317 - -322. Suppose -c + 26 = 3*a, -4*c - n*a + 32 = -37. What is the units digit of c?
1
Let a be ((0 - 0) + 0)/(-1). Let r = -348 - -351. Suppose 4*t - 2*y - 46 = 0, a = -t - t + r*y + 33. What is the units digit of t?
9
Let o = 141 - 1